when f is divided by k?
10
Suppose -3*s + 3*j + 114 = 39, 2 = 2*j. Let p = 22 + s. What is the remainder when 184 is divided by p?
40
Calculate the remainder when 106 is divided by (-2)/22 + (-2086)/(-77).
25
Let y be 1/(-2) - 2/(-4). Let p = 950 + -942. Suppose y = -3*b + p*b - 40. What is the remainder when b is divided by 5?
3
Calculate the remainder when 131 is divided by (-168)/(-16) + (-2)/(-4).
10
Suppose 0 = -6*c + 622 + 122. Suppose 3*z + 6*z = 288. Calculate the remainder when c is divided by z.
28
Let t be (-6)/(0 + -12) - 470/(-4). Suppose t*q - 135 = 113*q. What is the remainder when q is divided by 15?
12
Let o be 3492/5 + (-4)/(-100)*15. Calculate the remainder when (-1)/((-2)/o*(-60)/(-40)) is divided by 39.
38
Suppose i + 0*i = 0. Suppose i = -2*b - 5 + 1. Let h = 5 + b. Calculate the remainder when h is divided by 2.
1
Suppose 11 + 32 = l. Suppose -16*q + 481 = -1535. What is the remainder when q is divided by l?
40
Suppose -3*c = 3*l + 12, 4*c - 8 = -c + 2*l. Suppose c*q = -2*u - 3*q + 40, -100 = -5*u - 5*q. Calculate the remainder when 57 is divided by u.
17
Let i = -165 + 199. What is the remainder when i is divided by 19?
15
Suppose 2 = b - 6. Suppose 0 = -3*x + 29 + 46. Suppose 163 = 5*q - 2*t + 3, x = q + t. What is the remainder when q is divided by b?
6
Let x be (-44)/6*((-110)/2 - -1). Suppose 184 = -c + 3*c - 3*d, 4*c + d - x = 0. What is the remainder when c is divided by 33?
32
Let w = -34 - 2. Let k = w + 70. What is the remainder when k is divided by 12?
10
Let k(r) = 2*r**2 - 3*r + 3. Let f be (-5)/(25/(-30)) + -4. Let l be k(f). Suppose -639 + 94 = -l*c. What is the remainder when c is divided by 28?
25
Let t = -219 + 233. What is the remainder when 82 is divided by t?
12
Suppose -312 = -6*l + 2*l. Suppose -3*w = -5*n - l, -2*n = w - 7*n - 16. Let u = -654 - -670. What is the remainder when w is divided by u?
15
Suppose 4*x + 43 = 127. Suppose -3*f - 3 - x = 0. Let l = f + 12. What is the remainder when 10 is divided by l?
2
Let o = -85 - -116. What is the remainder when 246 is divided by o?
29
Suppose 0 = -4*d - 0*d + 16. Suppose -4*w + 112 = -5*z, 3*w - 53 = -d*z - 0*z. Calculate the remainder when 91 is divided by w.
22
Suppose 3*i + y - 8 = -i, 12 = 3*y. What is the remainder when 78 is divided by (i/2)/(8/256)?
14
Let s(j) = -j**3 - 17*j**2 - 2*j - 26. Suppose -2*i = -w + 98 - 34, 4*w + i = 283. Let c = -39 + w. What is the remainder when c is divided by s(-17)?
7
Suppose 0 = -3*q + 18 - 3. Suppose -c = q*c. Suppose c*f - 51 = -f. What is the remainder when f is divided by 13?
12
Suppose 0 = -5*t + 5*y, 3*t - 5*y - 2 = -8. Suppose 2*o - i - 17 = 0, -2 = -2*o + t*i + i. What is the remainder when 18 is divided by o?
7
Let k = 157 - 21. Let v be (-4)/(-1*4/14). Suppose -5*u = -k - v. What is the remainder when u is divided by 11?
8
Let r = 325 + -310. What is the remainder when 236 is divided by r?
11
Let o be (-19)/(-5) - 2/(-10). Suppose -o*f - 4*l = -2*l - 96, -f + 2*l = -19. Calculate the remainder when f is divided by 15/3 - (-19 - -18).
5
Let y(q) = q. Let v be y(2). Suppose 33 = m + v*m. Suppose 0 = 41*j - 35*j - 252. What is the remainder when j is divided by m?
9
Let b(o) be the second derivative of 19*o**3/3 - 7*o**2/2 + 10*o. Calculate the remainder when b(2) is divided by 12.
9
Let d = -663 + 1040. Calculate the remainder when d is divided by 54.
53
Let u be (-4)/5 + (-3776)/(-20). Suppose 4*q + 4*j = u, 5*q - 3*j + j - 207 = 0. Let t(n) = 12*n - 1. What is the remainder when q is divided by t(1)?
10
Suppose -5*m - 75 = 3*a, 0 = m - 3*m - a - 29. Let w(p) = -p - 1. What is the remainder when 41 is divided by w(m)?
8
Suppose -5*h = -3*h - 3*l + 1, -2*h + 5*l - 11 = 0. Calculate the remainder when 129 is divided by h.
3
Let c be ((-99)/6)/(2/(-4)). Suppose 4*h = -c + 1. What is the remainder when 10*(2 + (-52)/h) is divided by 22?
19
Suppose 20 = 5*l + 5. Suppose 3*r - 3*f = 69, 2*r - 3*f = l*r - 15. What is the remainder when r is divided by (-18 - 0)*7/(-21)?
3
What is the remainder when 149 is divided by 1750/63 - 4/(-18)?
9
Let b(p) = -6*p**2 + 5*p**2 - 12 - p + 5*p**2 - 3*p**2. Suppose 255 = 5*t - 100. Calculate the remainder when t is divided by b(6).
17
Let g be 52*(0 - -2)/(-2). Calculate the remainder when 39 is divided by 24/108 + g/(-9).
3
Suppose 0 = 3*o - 27 - 12. Let j(w) = -187*w - 2. Let i be j(-1). Suppose 5*n + i = 10*n. What is the remainder when n is divided by o?
11
Suppose 23*q = 60*q - 1850. What is the remainder when 144 is divided by q?
44
Let v(b) = -4*b + 8. Calculate the remainder when 67 is divided by v(-2).
3
Suppose -5*a = -3*f - 11, -f = 2*a - 7 - 4. Suppose -a*p = -p - 15. What is the remainder when 30/4*8/5 is divided by p?
2
Calculate the remainder when 5 - 27/(-54)*1*586 is divided by 100.
98
Suppose 0 = -b + 2*q + 52, b - 14 = -3*q + 63. Let d = -54 + b. Let l(m) = 2*m**2 - 7*m + 6. Calculate the remainder when l(5) is divided by d.
5
Let q be (-54)/3*(-2)/3. Suppose -3*u - 36 = -3*j, -3*j - 2*u = -34 - 22. What is the remainder when q/(-10)*675/(-18) is divided by j?
13
Suppose 5*x - 4 - 11 = 0. Suppose 4*i - 14 = x*r, -5*r + 2 - 14 = -i. Suppose u = -i*l + 46, 2*l + 3*u = l + 33. Calculate the remainder when l is divided by 8.
5
Suppose -518 = -5*p + 4*v, -2*p - 12 = -2*v - 218. Calculate the remainder when p is divided by 9.
7
Let a(p) = 3*p + 3*p - 18*p. Suppose 61 = -4*s + 197. What is the remainder when s is divided by a(-1)?
10
Let k = 7 + 16. Suppose 4*m + 4*q - 184 = 0, m + 4*q + 200 = 5*m. Suppose -4*w - 2*w = -m. Calculate the remainder when k is divided by w.
7
Calculate the remainder when 120 + (2 - -2) + (-6 - -8) is divided by 33.
27
Suppose 81*l = 98*l - 68. What is the remainder when 139 is divided by l?
3
Suppose -16*d + 23*d - 5796 = 0. Suppose 11*p = 15*p - d. What is the remainder when p is divided by 42?
39
Let x = -141 + 342. What is the remainder when x is divided by 52?
45
Let i = -322 + 444. Calculate the remainder when i is divided by 41.
40
Let w(j) = j**3 - j**2 - 24*j + 11. Calculate the remainder when 68 is divided by w(6).
21
Let h(p) = -5*p + 7. Let j(z) = -z + 1. Let q(s) = 2*h(s) - 18*j(s). Let t be q(-3). Let m = t + 41. Calculate the remainder when 36 is divided by m.
10
Let y(w) = -w**3 + 9*w**2 - 3*w + 25. What is the remainder when y(4) is divided by 16?
13
Suppose 0 = -0*a + 3*a - 33. Let j = 18 + 1. What is the remainder when j is divided by a?
8
Suppose -13 = -3*m + 2. Let i(f) be the first derivative of f**3/3 - f**2 - 6*f - 6. What is the remainder when i(m) is divided by 4?
1
Suppose -6*b + 77 = -19. Calculate the remainder when 33 is divided by -1 + b + 0 + (-6)/(-2).
15
Suppose 0 = -2*l + 2, -4*l = 2*g - 8*l - 268. Suppose -2*c + g = 4*a - 2*a, 0 = 2*a + 3*c - 137. What is the remainder when a is divided by 17?
16
Let j(k) be the third derivative of k**4/24 + 11*k**3/6 - 7*k**2. Let z be j(-9). Let y(f) = 35*f**2 + f - 1. What is the remainder when y(z) is divided by 36?
33
Let t(j) = j. Let y(s) = -2*s**2 - 14. Let z(m) = -5*t(m) - y(m). Calculate the remainder when z(6) is divided by 15.
11
Suppose 66 = 2*m - w, -2*w - 33 = -5*m + 4*m. Calculate the remainder when -2 - (-3 - m) - (2 - 2) is divided by 7.
6
Suppose -12 + 1 = -p. Let w = p - 3. Suppose -11*g = -1206 + 1063. Calculate the remainder when g is divided by w.
5
Let a = -575 - -675. Calculate the remainder when a is divided by 38.
24
Let w(t) = t**3 + 15*t**2 - 20*t - 1. What is the remainder when w(-16) is divided by 8?
7
Suppose -5 = -6*l - 23. What is the remainder when 3/6 - 17/(-2) is divided by 4/(-12) - 19/l?
3
Let y = -11 - -135. What is the remainder when y is divided by 21?
19
Let i = 1079 - 851. What is the remainder when i is divided by 32?
4
Let r(z) = 2*z - 6. Calculate the remainder when (10 - -5)*(-2)/(-6) is divided by r(4).
1
Let k(g) = g**3 + 6*g**2 + 3*g + 1. Let d be k(-5). Suppose -7 - 1 = -4*r. Suppose m + d = r*m. Calculate the remainder when m is divided by 7.
4
Suppose 3*d - 62 = 190. Calculate the remainder when d is divided by -5 + 2 - (3 - 35).
26
Let j = 581 + -562. What is the remainder when 75 is divided by j?
18
Let u be -4*1 - (-8 + -1). Let o = 41 - u. Let l = 55 - o. What is the remainder when 37 is divided by l?